3 - -3) + 1). Suppose y*x - 2 = -2*x. Calculate the highest common divisor of x and 10.
1
Let a(i) be the second derivative of -i**4/12 + 7*i**3/6 + i. Suppose 5*g - 27 = 3. Let s be a(g). Calculate the greatest common divisor of 24 and s.
6
Let m be 4 + (1 - 0 - -1). Let n = 15 - m. Suppose -5*q = 4*l - 24, -l - 2*q + 6 = 2*q. Calculate the greatest common factor of n and l.
3
Let z(j) = -22*j**3 + j. Let y(d) = -d**2 - 8*d - 1. Let i be y(-8). Let p be z(i). What is the greatest common divisor of 3 and p?
3
Let a = -10 - -20. Calculate the highest common divisor of a and 2.
2
Suppose -d + a + 19 = 0, -3*d = -2*a - 5 - 53. Suppose -5*l + 7*l = d. What is the highest common divisor of l and 20?
10
Suppose -26 - 6 = -2*n. What is the highest common factor of 2 and n?
2
Suppose 2*a + 83 - 251 = 0. What is the greatest common divisor of a and 12?
12
Let w = 10 + -9. Let j = 17 + -8. What is the highest common factor of w and j?
1
Let z(b) = -b - 2. Suppose l = -8 + 2. Let k be z(l). Suppose 9*r = 5*r + 112. What is the highest common factor of r and k?
4
Let m = 114 - 78. What is the greatest common factor of m and 4?
4
Suppose -2*y + 70 = 5*m, -4*m + 43 = -3*y + 2*y. What is the highest common factor of m and 4?
4
Let z = 10 + 11. Let i = -547 + 967. Suppose 0 = 3*d + 2*d - i. What is the highest common divisor of d and z?
21
Let a = 67 + -42. What is the highest common divisor of a and 100?
25
Let n = -3 + 4. Suppose -16*w + 12*w - 8 = 0. Let f be -9 + 8 + (-6)/w. Calculate the highest common divisor of f and n.
1
Let g be (-4)/(-10) - 108/(-30). Let a(s) = -3*s**2 + 4*s**2 - 5 - 6*s - g. Let v be a(9). Calculate the highest common factor of 72 and v.
18
Let x be (-3)/(-9)*27/1. Calculate the greatest common divisor of 3 and x.
3
Suppose -3*l = -l - 8. Suppose x + 24 = l*x. Calculate the greatest common factor of 88 and x.
8
Let j = 1 + -1. Suppose -5*i + 75 = -j*i. What is the greatest common factor of i and 105?
15
Suppose -5*j + 2*j + 114 = 5*c, 0 = 2*c - 6. Suppose -5*q + 39 = 4*l - 34, -q - 25 = -l. What is the greatest common factor of l and j?
11
Let d(g) = -g**2 + g + 25. Let h be d(0). Let z = 16 + -11. Let o be 4*(50/8)/z. Calculate the greatest common divisor of o and h.
5
Let c(r) = r**3 + r**2. Let x be c(3). Suppose 5*j - 3*g = 57, -5*g + 6 = 2*j - 2*g. What is the highest common factor of x and j?
9
Let b = -16 + 16. Suppose -2*h + 12 - 6 = b. What is the highest common divisor of h and 12?
3
Let a(u) be the third derivative of -107*u**4/24 - u**2. Let z be a(-1). Let q = z - -3. What is the highest common factor of 22 and q?
22
Suppose -5*l = -304 + 114. Let i be (0 - -6)*3/9. Suppose 0*j - i*j + 114 = 0. What is the highest common divisor of l and j?
19
Suppose 0 = 5*y - 3*v - 67, -v + 20 = -6*v. What is the highest common divisor of 121 and y?
11
Suppose -832 + 76 = -3*x. Calculate the greatest common divisor of 28 and x.
28
Suppose 38 - 73 = -5*a. What is the highest common factor of a and 1?
1
Suppose 2*i + 2*i - 20 = 0. Suppose 0 = i*g - 38 - 182. What is the greatest common factor of g and 110?
22
Suppose 0 = -3*z - 5 + 20. Let s(j) = -j**3 + 5*j**2 + 3*j - 6. Let a be s(z). Calculate the highest common divisor of 6 and a.
3
Suppose 3*j + 0*j + 9 = 0. Let t be (-3)/(j*(-2)/12). Let a(w) = -16*w - 8. Let n be a(t). What is the highest common factor of 8 and n?
8
Let g be (-3)/(-1)*8/12. Calculate the greatest common factor of 6 and g.
2
Let u be 4 + -1 + -4 + 6. Let i = u - -15. Let t be (-3)/(0 - 6/i). Calculate the highest common factor of t and 4.
2
Suppose -16 = -5*h + 39. Suppose 4*j + 0*j = 64. Let t = j - h. What is the highest common divisor of 15 and t?
5
Suppose 32 = 5*b - 3*b. Calculate the greatest common factor of b and 128.
16
Let r be 1*30/25*5. Suppose -8 = -3*t - 2, -3*d - 4*t = -77. Let k = d - 11. Calculate the highest common factor of k and r.
6
Let l = 98 - 62. Calculate the highest common factor of 162 and l.
18
Let u = 9 - 4. Suppose 3 - 13 = -u*c. What is the highest common factor of c and 4?
2
Let l be (4/6)/((-14)/63). Let i be (-6 - -30)/((-2)/l). Suppose 2*h = h + i. Calculate the greatest common factor of 9 and h.
9
Let r = -14 - -8. Let x be (-4)/r + (-260)/(-6). Suppose -y + 6 = 2. Calculate the highest common divisor of y and x.
4
Let m be 1/(-2) + (-93)/(-6). Suppose -q - 3*b - m = b, 3*b = q - 13. Suppose 5*a + 5 = 50. What is the highest common divisor of a and q?
1
Let g(q) = q. Suppose -2*h - 2*j = -18, -8 = 5*j - 23. Let i be g(h). Calculate the greatest common factor of 30 and i.
6
Suppose 0 = 2*c + 4*o + 94, 2*c + o + 74 + 35 = 0. Let y = 23 + c. Let f = -21 - y. Calculate the greatest common divisor of 13 and f.
13
Let t(c) = c**2 + 2*c - 1. Let s be t(-2). Let v = s + 6. Suppose 2*q = v*a + 3, 0 = a + a - 10. Calculate the greatest common factor of 2 and q.
2
Suppose f + 4 = 2*f. Let c = 8 + f. What is the highest common factor of c and 3?
3
Let h(s) = -s**2 + s + 4. Let x be h(-3). Let y = 6 + x. Let z be y*(-5 - (1 - 4)). What is the highest common divisor of 36 and z?
4
Suppose 11 = 2*p - 1. Let i(k) = -k - 2. Let a be i(-4). Suppose -5*t + 7*r - a*r + 105 = 0, 5*r = 2*t - 33. What is the greatest common divisor of p and t?
6
Suppose -18*z - 100 = -20*z. What is the highest common divisor of z and 30?
10
Let v = 28 + -13. Let o = 55 - 29. Suppose g + 4*l + 0*l = o, 2*g + 5*l - 40 = 0. Calculate the greatest common divisor of g and v.
5
Let h = -23 + 38. What is the highest common divisor of h and 6?
3
Let k = 23 - 19. Suppose -120 = -k*c + t, 2*t = 2*c - c - 30. What is the greatest common divisor of c and 15?
15
Let x = 78 - 66. Calculate the greatest common factor of 108 and x.
12
Let t(u) = 2*u + 1. Let r = -2 - 1. Let q(k) = -k + 1. Let x be q(r). Let a be t(x). Calculate the greatest common factor of a and 9.
9
Let o(n) = -n**3 - 3*n**2 + 3*n + 10. Let m be o(-4). Calculate the greatest common divisor of m and 63.
7
Let x = 70 - 26. Suppose -4*i - 141 = -581. What is the greatest common factor of i and x?
22
Let n be 2/(-7) + (-2123)/(-7). Let z be (-8)/12 - n/(-9). Calculate the highest common factor of z and 11.
11
Let n(t) = -t + 3. Let l be n(7). Let m(s) = -38*s + 1. Let f be m(l). What is the highest common divisor of 17 and f?
17
Let t(l) = l**3 + 4*l**2 + l + 2. Let d be t(-4). Let g be d/(-3)*15/2. Suppose -a - 2*a = -60. Calculate the highest common factor of a and g.
5
Let i = 118 - 81. Let l = 58 - i. What is the highest common divisor of 168 and l?
21
Let s(r) = -3*r**3 - 4*r**2 - 3*r - 2. Let z be s(-2). Suppose -5*t + z + 13 = 0. What is the highest common factor of t and 10?
5
Suppose -6*p = 2*p - 128. Calculate the greatest common divisor of 80 and p.
16
Suppose 2*v + 442 = -5*b, -3*b = -v + 2*v + 265. Let k be b/(-6) + (-2)/3. Suppose -7 + 9 = q. Calculate the highest common factor of k and q.
2
Let d be 96/8 + 2 + -1. What is the greatest common divisor of d and 26?
13
Suppose 5*k = -5*v + 45, -2*k - 11 + 41 = -2*v. Calculate the highest common factor of k and 36.
12
Let l = -63 - -73. What is the greatest common divisor of l and 5?
5
Let r(l) = 3*l + 4*l + 3 - 4*l. Let v be r(8). Calculate the greatest common factor of 189 and v.
27
Let l be (3 - 2) + -2 + 3. Suppose 36 + 35 = 5*x - l*o, 2*o = 3*x - 41. What is the highest common divisor of 3 and x?
3
Let h(z) = z**2 + 7*z + 11. Let i be h(-6). Suppose 0 = 4*t - 2*b - 174, 0*t - 5*b - 225 = -i*t. What is the highest common divisor of t and 6?
6
Let j(p) = p**2 - 10*p - 3. Let g be j(11). What is the highest common divisor of g and 64?
8
Suppose 3*x = -o - x + 18, 5*o - 15 = 5*x. Let g be (-14)/(-91) - 37/(-13). What is the greatest common divisor of o and g?
3
Let w(x) = -x**2 - 15*x - 13. Let c be w(-11). Calculate the highest common divisor of c and 31.
31
Suppose -3*r + b + 541 + 85 = 0, -2*r + 2*b + 424 = 0. Let i = -148 - -171. What is the highest common divisor of r and i?
23
Let j(y) = y**3 - 8*y**2 + 11*y - 4. Let f be j(8). Let g be -2 + 17 - (4 + -1). Calculate the highest common factor of g and f.
12
Let k(a) = a**2 - 4*a - 4. Let y be k(5). Let n be -1 + (2 + 2)/1. Suppose d + c + 2 = 7, n*c = 6. Calculate the highest common factor of y and d.
1
Suppose 3 = -5*l + 93. Let w = -9 - -11. Su